{"id":1925,"date":"2023-12-22T01:20:08","date_gmt":"2023-12-21T22:20:08","guid":{"rendered":"https:\/\/akinhairtransplant.com\/?page_id=1925"},"modified":"2023-12-22T01:33:55","modified_gmt":"2023-12-21T22:33:55","slug":"6-8-saat-hastanede-yatis","status":"publish","type":"page","link":"https:\/\/akinhairtransplant.com\/?page_id=1925","title":{"rendered":"6-8 Saat Hastanede Yat\u0131\u015f"},"content":{"rendered":"\t\t<div data-elementor-type=\"wp-page\" data-elementor-id=\"1925\" class=\"elementor elementor-1925\" data-elementor-settings=\"{&quot;ha_cmc_init_switcher&quot;:&quot;no&quot;}\">\n\t\t\t\t<div class=\"elementor-element elementor-element-19b8c8c e-flex e-con-boxed e-con e-parent\" data-id=\"19b8c8c\" data-element_type=\"container\" data-settings=\"{&quot;background_background&quot;:&quot;classic&quot;,&quot;_ha_eqh_enable&quot;:false}\">\n\t\t\t\t\t<div class=\"e-con-inner\">\n\t\t<div class=\"elementor-element elementor-element-372848a e-con-full e-flex e-con e-child\" data-id=\"372848a\" data-element_type=\"container\" data-settings=\"{&quot;_ha_eqh_enable&quot;:false}\">\n\t\t\t\t<div class=\"elementor-element elementor-element-0ccf104 elementor-widget elementor-widget-heading\" data-id=\"0ccf104\" data-element_type=\"widget\" data-widget_type=\"heading.default\">\n\t\t\t\t<div class=\"elementor-widget-container\">\n\t\t\t\t\t<h1 class=\"elementor-heading-title elementor-size-default\">operasyon s\u00fcresi<\/h1>\t\t\t\t<\/div>\n\t\t\t\t<\/div>\n\t\t\t\t<\/div>\n\t\t\t\t\t<\/div>\n\t\t\t\t<\/div>\n\t\t\t\t<section class=\"elementor-section elementor-top-section elementor-element elementor-element-sycfubc elementor-section-content-middle elementor-section-boxed elementor-section-height-default elementor-section-height-default\" data-id=\"sycfubc\" data-element_type=\"section\" data-settings=\"{&quot;background_background&quot;:&quot;classic&quot;,&quot;_ha_eqh_enable&quot;:false}\">\n\t\t\t\t\t\t\t<div class=\"elementor-background-overlay\"><\/div>\n\t\t\t\t\t\t\t<div class=\"elementor-container elementor-column-gap-no\">\n\t\t\t\t\t<div class=\"elementor-column elementor-col-50 elementor-top-column elementor-element elementor-element-5fcceb3\" data-id=\"5fcceb3\" data-element_type=\"column\">\n\t\t\t<div class=\"elementor-widget-wrap elementor-element-populated\">\n\t\t\t\t\t\t<div class=\"elementor-element elementor-element-1726a4d elementor-widget elementor-widget-image\" data-id=\"1726a4d\" data-element_type=\"widget\" data-widget_type=\"image.default\">\n\t\t\t\t<div class=\"elementor-widget-container\">\n\t\t\t\t\t\t\t\t\t\t\t\t\t\t\t<img fetchpriority=\"high\" decoding=\"async\" width=\"428\" height=\"294\" src=\"https:\/\/akinhairtransplant.com\/wp-content\/uploads\/2023\/12\/sac-11.jpg\" class=\"attachment-full size-full wp-image-1928\" alt=\"\" srcset=\"https:\/\/akinhairtransplant.com\/wp-content\/uploads\/2023\/12\/sac-11.jpg 428w, https:\/\/akinhairtransplant.com\/wp-content\/uploads\/2023\/12\/sac-11-300x206.jpg 300w\" sizes=\"(max-width: 428px) 100vw, 428px\" \/>\t\t\t\t\t\t\t\t\t\t\t\t\t\t\t<\/div>\n\t\t\t\t<\/div>\n\t\t\t\t\t<\/div>\n\t\t<\/div>\n\t\t\t\t<div class=\"elementor-column elementor-col-50 elementor-top-column elementor-element elementor-element-04229e9\" data-id=\"04229e9\" data-element_type=\"column\">\n\t\t\t<div class=\"elementor-widget-wrap elementor-element-populated\">\n\t\t\t\t\t\t<div class=\"elementor-element elementor-element-bdb5955 elementor-widget elementor-widget-heading\" data-id=\"bdb5955\" data-element_type=\"widget\" data-widget_type=\"heading.default\">\n\t\t\t\t<div class=\"elementor-widget-container\">\n\t\t\t\t\t<h2 class=\"elementor-heading-title elementor-size-default\">6-8 Saat i\u015flem esnasindaki a\u015famalar\u0131miz;<\/h2>\t\t\t\t<\/div>\n\t\t\t\t<\/div>\n\t\t\t\t\t<\/div>\n\t\t<\/div>\n\t\t\t\t\t<\/div>\n\t\t<\/section>\n\t\t<div class=\"elementor-element elementor-element-90289e0 e-flex e-con-boxed e-con e-parent\" data-id=\"90289e0\" data-element_type=\"container\" data-settings=\"{&quot;_ha_eqh_enable&quot;:false}\">\n\t\t\t\t\t<div class=\"e-con-inner\">\n\t\t\t\t<div class=\"elementor-element elementor-element-a3b30b1 elementor-widget elementor-widget-text-editor\" data-id=\"a3b30b1\" data-element_type=\"widget\" data-widget_type=\"text-editor.default\">\n\t\t\t\t<div class=\"elementor-widget-container\">\n\t\t\t\t\t\t\t\t\t<p>1 \u2013 Planlama A\u015famas\u0131<\/p><p>Sa\u00e7 ekiminin komplikasyonlar\u0131na dair bilgilendirilecek olan hasta i\u00e7in sa\u00e7 ekimi tasar\u0131m\u0131na ve planlamas\u0131na yer verilmektedir.<\/p><p>2 \u2013 Haz\u0131rlanma A\u015famas\u0131<\/p><p>Operasyon b\u00f6lgesinde haz\u0131rl\u0131klar\u0131n tamamlanmas\u0131na \u00f6zen g\u00f6sterilen bu a\u015famada sa\u00e7 kesimi ve tra\u015f i\u015flemleri yap\u0131lmaktad\u0131r. Lokal anestezi yap\u0131larak hastada steril \u015fartlarda haz\u0131rlanmas\u0131na olanak verilmektedir.<\/p><p>3 \u2013 Sa\u00e7 K\u00f6klerinin Al\u0131nmas\u0131<\/p><p>D\u00f6k\u00fclmeyen alanlardan olan enseden ba\u015flamak suretiyle kaliteli sa\u00e7 k\u00f6klerinin al\u0131nd\u0131\u011f\u0131 a\u015famad\u0131r. Daha rahat i\u015flem yap\u0131lmas\u0131 amac\u0131yla \u00e7e\u015fitli s\u0131v\u0131 enjekteleri yap\u0131lmaktad\u0131r. Hasta hi\u00e7bir \u015fekilde a\u011fr\u0131 hissetmeden sa\u00e7 k\u00f6kleri toplanmaktad\u0131r.<\/p><p>4 \u2013 Kanallar\u0131 A\u00e7ma A\u015famas\u0131<\/p><p>Nakledilecek k\u00f6klere uygun say\u0131da ve do\u011frultuda kanallar\u0131n a\u00e7\u0131lmas\u0131na olanak verilmektedir.<\/p><p>5 \u2013 Sa\u00e7 Ekimi A\u015famas\u0131<\/p><p>Uzman doktorlar\u0131n\u0131z\u0131n planlamas\u0131na g\u00f6re sa\u00e7 ekimleri belirli b\u00f6lgelerden ba\u015flayarak ger\u00e7ekle\u015ftirilecekti. Sa\u00e7 ekiminde son a\u015fama olarak g\u00f6r\u00fcl\u00fcr ve belirli talimatlara uyman\u0131z beklenir.<br \/>6 \u2013 Sa\u00e7 Ekiminin Tamamlanmas\u0131<br \/>FUE veya PRP i\u015flemlerine g\u00f6re sa\u00e7 ekiminin tamamlanmas\u0131n\u0131n ard\u0131ndan hastalar\u0131n belirli s\u00fcrelerde nelere dikkat etmesi gerekti\u011fi aktar\u0131l\u0131r.<br \/>Sa\u00e7 Ekimi A\u015famalar\u0131ndan Sonra S\u00fcre\u00e7 Nedir?<\/p><p>Belirli a\u015famalar\u0131n tamamlanmas\u0131n\u0131n ard\u0131ndan sa\u00e7 ekimi sonras\u0131nda nas\u0131l bir s\u00fcre\u00e7le kar\u015f\u0131la\u015faca\u011f\u0131n\u0131z\u0131 merak ediyor olabilirsiniz. \u0130lk \u00fc\u00e7 g\u00fcnl\u00fck s\u00fcre\u00e7te \u00e7e\u015fitli darbelerden ve olumsuzluklardan koruman\u0131z gerekmektedir. G\u00fcne\u015ften ve sudan uzak tutman\u0131z gereken sa\u00e7 k\u00f6klerinin zarar g\u00f6rmemesi i\u00e7in s\u0131rt \u00fcst\u00fc yatman\u0131z \u00f6nerilmektedir. A\u015f\u0131r\u0131 terlemenize neden olabilecek her t\u00fcrl\u00fc aktiviteden, sportif faaliyetlerden ve cinsel ili\u015fkilerden uzak durman\u0131z gerekmektedir. Alkol, kafeinli i\u00e7ecek, sigara ve buna benzer \u00e7e\u015fitli zararl\u0131lar\u0131n t\u00fcketilmemesi gerekecektir. Ayr\u0131ca ki\u015filerin 1 g\u00fcnl\u00fck s\u00fcre\u00e7te araba kullanmamas\u0131 ve \u00fc\u00e7 g\u00fcnden \u00f6nce y\u0131kama yapmamas\u0131 gerekir. Stresten uzak durman\u0131z, sa\u00e7lar\u0131n\u0131za hi\u00e7bir \u00fcr\u00fcn kullanmaman\u0131z ve sa\u00e7lar\u0131n\u0131z\u0131n belirli bir s\u00fcre oturmas\u0131n\u0131 beklemeniz gerekmektedir.<\/p>\t\t\t\t\t\t\t\t<\/div>\n\t\t\t\t<\/div>\n\t\t\t\t\t<\/div>\n\t\t\t\t<\/div>\n\t\t<div class=\"elementor-element elementor-element-07ed876 e-con-full e-flex e-con e-parent\" data-id=\"07ed876\" data-element_type=\"container\" data-settings=\"{&quot;_ha_eqh_enable&quot;:false}\">\n\t\t<div class=\"elementor-element elementor-element-445598d e-con-full e-flex e-con e-child\" data-id=\"445598d\" data-element_type=\"container\" data-settings=\"{&quot;background_background&quot;:&quot;classic&quot;,&quot;_ha_eqh_enable&quot;:false}\">\n\t\t<div class=\"elementor-element elementor-element-24fdd0c e-con-full e-flex e-con e-child\" data-id=\"24fdd0c\" data-element_type=\"container\" data-settings=\"{&quot;_ha_eqh_enable&quot;:false}\">\n\t\t<div class=\"elementor-element elementor-element-925b25e e-con-full e-flex e-con e-child\" data-id=\"925b25e\" data-element_type=\"container\" data-settings=\"{&quot;_ha_eqh_enable&quot;:false}\">\n\t\t\t\t<div class=\"elementor-element elementor-element-dd51eed elementor-widget elementor-widget-heading\" data-id=\"dd51eed\" data-element_type=\"widget\" data-widget_type=\"heading.default\">\n\t\t\t\t<div class=\"elementor-widget-container\">\n\t\t\t\t\t<h2 class=\"elementor-heading-title elementor-size-default\">A\u011fr\u0131s\u0131z ve Tra\u015fs\u0131z Sa\u00e7 Ekimi \u0130\u00e7in Hemen Ba\u015fvur!<\/h2>\t\t\t\t<\/div>\n\t\t\t\t<\/div>\n\t\t\t\t<\/div>\n\t\t\t\t<\/div>\n\t\t\t\t<\/div>\n\t\t<div class=\"elementor-element elementor-element-77b3ec7 e-con-full e-flex e-con e-child\" data-id=\"77b3ec7\" data-element_type=\"container\" data-settings=\"{&quot;background_background&quot;:&quot;classic&quot;,&quot;_ha_eqh_enable&quot;:false}\">\n\t\t<div class=\"elementor-element elementor-element-fea658a e-con-full e-flex e-con e-child\" data-id=\"fea658a\" data-element_type=\"container\" data-settings=\"{&quot;_ha_eqh_enable&quot;:false}\">\n\t\t<div class=\"elementor-element elementor-element-697aafc e-con-full e-flex e-con e-child\" data-id=\"697aafc\" data-element_type=\"container\" data-settings=\"{&quot;_ha_eqh_enable&quot;:false}\">\n\t\t\t\t<div class=\"elementor-element elementor-element-c8619eb elementor-widget elementor-widget-heading\" data-id=\"c8619eb\" data-element_type=\"widget\" data-widget_type=\"heading.default\">\n\t\t\t\t<div class=\"elementor-widget-container\">\n\t\t\t\t\t<h2 class=\"elementor-heading-title elementor-size-default\">Sohbete Ba\u015flay\u0131n!<\/h2>\t\t\t\t<\/div>\n\t\t\t\t<\/div>\n\t\t\t\t<div class=\"elementor-element elementor-element-6cc9df9 elementor-widget elementor-widget-text-editor\" data-id=\"6cc9df9\" data-element_type=\"widget\" data-widget_type=\"text-editor.default\">\n\t\t\t\t<div class=\"elementor-widget-container\">\n\t\t\t\t\t\t\t\t\t<div class=\"nta_wa_button\" data-id=\"1023\" data-info=\"{&quot;name&quot;:&quot;Ak\\u0131n Hairtransplant&quot;,&quot;info&quot;:{&quot;number&quot;:&quot;+905387444690&quot;,&quot;title&quot;:&quot;&quot;,&quot;predefinedText&quot;:&quot;&quot;,&quot;willBeBackText&quot;:&quot;I will be back in [njwa_time_work]&quot;,&quot;dayOffsText&quot;:&quot;I will be back soon&quot;,&quot;isAlwaysAvailable&quot;:&quot;ON&quot;,&quot;daysOfWeekWorking&quot;:{&quot;sunday&quot;:{&quot;isWorkingOnDay&quot;:&quot;OFF&quot;,&quot;workHours&quot;:[{&quot;startTime&quot;:&quot;08:00&quot;,&quot;endTime&quot;:&quot;17:30&quot;}]},&quot;monday&quot;:{&quot;isWorkingOnDay&quot;:&quot;OFF&quot;,&quot;workHours&quot;:[{&quot;startTime&quot;:&quot;08:00&quot;,&quot;endTime&quot;:&quot;17:30&quot;}]},&quot;tuesday&quot;:{&quot;isWorkingOnDay&quot;:&quot;OFF&quot;,&quot;workHours&quot;:[{&quot;startTime&quot;:&quot;08:00&quot;,&quot;endTime&quot;:&quot;17:30&quot;}]},&quot;wednesday&quot;:{&quot;isWorkingOnDay&quot;:&quot;OFF&quot;,&quot;workHours&quot;:[{&quot;startTime&quot;:&quot;08:00&quot;,&quot;endTime&quot;:&quot;17:30&quot;}]},&quot;thursday&quot;:{&quot;isWorkingOnDay&quot;:&quot;OFF&quot;,&quot;workHours&quot;:[{&quot;startTime&quot;:&quot;08:00&quot;,&quot;endTime&quot;:&quot;17:30&quot;}]},&quot;friday&quot;:{&quot;isWorkingOnDay&quot;:&quot;OFF&quot;,&quot;workHours&quot;:[{&quot;startTime&quot;:&quot;08:00&quot;,&quot;endTime&quot;:&quot;17:30&quot;}]},&quot;saturday&quot;:{&quot;isWorkingOnDay&quot;:&quot;OFF&quot;,&quot;workHours&quot;:[{&quot;startTime&quot;:&quot;08:00&quot;,&quot;endTime&quot;:&quot;17:30&quot;}]}}},&quot;styles&quot;:{&quot;type&quot;:&quot;round&quot;,&quot;backgroundColor&quot;:&quot;#2DB742&quot;,&quot;textColor&quot;:&quot;#fff&quot;,&quot;label&quot;:&quot;Need Help? Chat with us&quot;,&quot;width&quot;:300,&quot;height&quot;:64},&quot;avatar&quot;:false,&quot;options&quot;:{&quot;display&quot;:{&quot;displayCondition&quot;:&quot;showAllPage&quot;,&quot;includePages&quot;:[],&quot;excludePages&quot;:[],&quot;includePosts&quot;:[],&quot;showOnDesktop&quot;:&quot;ON&quot;,&quot;showOnMobile&quot;:&quot;ON&quot;,&quot;time_symbols&quot;:&quot;h:m&quot;},&quot;styles&quot;:{&quot;title&quot;:&quot;Start a Conversation&quot;,&quot;responseText&quot;:&quot;The team typically replies in a few minutes.&quot;,&quot;description&quot;:&quot;Hi! Click one of our member below to chat on &lt;strong&gt;WhatsApp&lt;\\\/strong&gt;&quot;,&quot;backgroundColor&quot;:&quot;#2db742&quot;,&quot;textColor&quot;:&quot;#fff&quot;,&quot;titleSize&quot;:18,&quot;accountNameSize&quot;:14,&quot;descriptionTextSize&quot;:12,&quot;regularTextSize&quot;:11,&quot;scrollHeight&quot;:&quot;500&quot;,&quot;isShowScroll&quot;:&quot;OFF&quot;,&quot;isShowResponseText&quot;:&quot;OFF&quot;,&quot;isShowPoweredBy&quot;:&quot;ON&quot;,&quot;btnLabel&quot;:&quot;&quot;,&quot;btnLabelWidth&quot;:&quot;156&quot;,&quot;btnPosition&quot;:&quot;right&quot;,&quot;btnLeftDistance&quot;:&quot;30&quot;,&quot;btnRightDistance&quot;:&quot;30&quot;,&quot;btnBottomDistance&quot;:&quot;30&quot;,&quot;isShowBtnLabel&quot;:&quot;OFF&quot;,&quot;isShowGDPR&quot;:&quot;OFF&quot;,&quot;gdprContent&quot;:&quot;Please accept our &lt;a href=\\&quot;https:\\\/\\\/ninjateam.org\\\/privacy-policy\\\/\\&quot;&gt;privacy policy&lt;\\\/a&gt; first to start a conversation.&quot;},&quot;analytics&quot;:{&quot;enabledGoogle&quot;:&quot;OFF&quot;,&quot;enabledFacebook&quot;:&quot;OFF&quot;,&quot;enabledGoogleGA4&quot;:&quot;OFF&quot;}},&quot;gdprStatus&quot;:false,&quot;defaultAvatar&quot;:&quot;https:\\\/\\\/akinhairtransplant.com\\\/wp-content\\\/plugins\\\/wp-whatsapp\\\/assets\\\/img\\\/whatsapp_logo.svg&quot;}\"><\/div>\t\t\t\t\t\t\t\t<\/div>\n\t\t\t\t<\/div>\n\t\t\t\t<\/div>\n\t\t\t\t<\/div>\n\t\t\t\t<\/div>\n\t\t\t\t<\/div>\n\t\t\t\t<\/div>\n\t\t","protected":false},"excerpt":{"rendered":"<p>operasyon s\u00fcresi 6-8 Saat i\u015flem esnasindaki a\u015famalar\u0131miz; 1 \u2013 Planlama A\u015famas\u0131 Sa\u00e7 ekiminin komplikasyonlar\u0131na dair bilgilendirilecek olan hasta i\u00e7in sa\u00e7 ekimi tasar\u0131m\u0131na ve planlamas\u0131na yer verilmektedir. 2 \u2013 Haz\u0131rlanma A\u015famas\u0131 Operasyon b\u00f6lgesinde haz\u0131rl\u0131klar\u0131n tamamlanmas\u0131na \u00f6zen g\u00f6sterilen bu a\u015famada sa\u00e7 kesimi ve tra\u015f i\u015flemleri yap\u0131lmaktad\u0131r. Lokal anestezi yap\u0131larak hastada steril \u015fartlarda haz\u0131rlanmas\u0131na olanak verilmektedir. 3 \u2013 [&hellip;]<\/p>\n","protected":false},"author":1,"featured_media":0,"parent":0,"menu_order":0,"comment_status":"closed","ping_status":"closed","template":"","meta":{"_uag_custom_page_level_css":"","site-sidebar-layout":"no-sidebar","site-content-layout":"page-builder","ast-site-content-layout":"","site-content-style":"default","site-sidebar-style":"default","ast-global-header-display":"","ast-banner-title-visibility":"","ast-main-header-display":"","ast-hfb-above-header-display":"","ast-hfb-below-header-display":"","ast-hfb-mobile-header-display":"","site-post-title":"disabled","ast-breadcrumbs-content":"disabled","ast-featured-img":"disabled","footer-sml-layout":"","theme-transparent-header-meta":"enabled","adv-header-id-meta":"","stick-header-meta":"","header-above-stick-meta":"","header-main-stick-meta":"","header-below-stick-meta":"","astra-migrate-meta-layouts":"default","ast-page-background-enabled":"default","ast-page-background-meta":{"desktop":{"background-color":"var(--ast-global-color-4)","background-image":"","background-repeat":"repeat","background-position":"center center","background-size":"auto","background-attachment":"scroll","background-type":"","background-media":"","overlay-type":"","overlay-color":"","overlay-opacity":"","overlay-gradient":""},"tablet":{"background-color":"","background-image":"","background-repeat":"repeat","background-position":"center center","background-size":"auto","background-attachment":"scroll","background-type":"","background-media":"","overlay-type":"","overlay-color":"","overlay-opacity":"","overlay-gradient":""},"mobile":{"background-color":"","background-image":"","background-repeat":"repeat","background-position":"center center","background-size":"auto","background-attachment":"scroll","background-type":"","background-media":"","overlay-type":"","overlay-color":"","overlay-opacity":"","overlay-gradient":""}},"ast-content-background-meta":{"desktop":{"background-color":"var(--ast-global-color-5)","background-image":"","background-repeat":"repeat","background-position":"center center","background-size":"auto","background-attachment":"scroll","background-type":"","background-media":"","overlay-type":"","overlay-color":"","overlay-opacity":"","overlay-gradient":""},"tablet":{"background-color":"var(--ast-global-color-5)","background-image":"","background-repeat":"repeat","background-position":"center center","background-size":"auto","background-attachment":"scroll","background-type":"","background-media":"","overlay-type":"","overlay-color":"","overlay-opacity":"","overlay-gradient":""},"mobile":{"background-color":"var(--ast-global-color-5)","background-image":"","background-repeat":"repeat","background-position":"center center","background-size":"auto","background-attachment":"scroll","background-type":"","background-media":"","overlay-type":"","overlay-color":"","overlay-opacity":"","overlay-gradient":""}},"footnotes":""},"class_list":["post-1925","page","type-page","status-publish","hentry"],"uagb_featured_image_src":{"full":false,"thumbnail":false,"medium":false,"medium_large":false,"large":false,"1536x1536":false,"2048x2048":false},"uagb_author_info":{"display_name":"akinhairtransplant.com","author_link":"https:\/\/akinhairtransplant.com\/?author=1"},"uagb_comment_info":0,"uagb_excerpt":"operasyon s\u00fcresi 6-8 Saat i\u015flem esnasindaki a\u015famalar\u0131miz; 1 \u2013 Planlama A\u015famas\u0131 Sa\u00e7 ekiminin komplikasyonlar\u0131na dair bilgilendirilecek olan hasta i\u00e7in sa\u00e7 ekimi tasar\u0131m\u0131na ve planlamas\u0131na yer verilmektedir. 2 \u2013 Haz\u0131rlanma A\u015famas\u0131 Operasyon b\u00f6lgesinde haz\u0131rl\u0131klar\u0131n tamamlanmas\u0131na \u00f6zen g\u00f6sterilen bu a\u015famada sa\u00e7 kesimi ve tra\u015f i\u015flemleri yap\u0131lmaktad\u0131r. Lokal anestezi yap\u0131larak hastada steril \u015fartlarda haz\u0131rlanmas\u0131na olanak verilmektedir. 3 \u2013&hellip;","_links":{"self":[{"href":"https:\/\/akinhairtransplant.com\/index.php?rest_route=\/wp\/v2\/pages\/1925","targetHints":{"allow":["GET"]}}],"collection":[{"href":"https:\/\/akinhairtransplant.com\/index.php?rest_route=\/wp\/v2\/pages"}],"about":[{"href":"https:\/\/akinhairtransplant.com\/index.php?rest_route=\/wp\/v2\/types\/page"}],"author":[{"embeddable":true,"href":"https:\/\/akinhairtransplant.com\/index.php?rest_route=\/wp\/v2\/users\/1"}],"replies":[{"embeddable":true,"href":"https:\/\/akinhairtransplant.com\/index.php?rest_route=%2Fwp%2Fv2%2Fcomments&post=1925"}],"version-history":[{"count":7,"href":"https:\/\/akinhairtransplant.com\/index.php?rest_route=\/wp\/v2\/pages\/1925\/revisions"}],"predecessor-version":[{"id":1946,"href":"https:\/\/akinhairtransplant.com\/index.php?rest_route=\/wp\/v2\/pages\/1925\/revisions\/1946"}],"wp:attachment":[{"href":"https:\/\/akinhairtransplant.com\/index.php?rest_route=%2Fwp%2Fv2%2Fmedia&parent=1925"}],"curies":[{"name":"wp","href":"https:\/\/api.w.org\/{rel}","templated":true}]}}