{"id":1831,"date":"2023-12-18T15:39:26","date_gmt":"2023-12-18T12:39:26","guid":{"rendered":"https:\/\/akinhairtransplant.com\/?page_id=1831"},"modified":"2023-12-18T15:43:10","modified_gmt":"2023-12-18T12:43:10","slug":"kirpik-ekimi","status":"publish","type":"page","link":"https:\/\/akinhairtransplant.com\/?page_id=1831","title":{"rendered":"Kirpik Ekimi"},"content":{"rendered":"\t\t<div data-elementor-type=\"wp-page\" data-elementor-id=\"1831\" class=\"elementor elementor-1831\" data-elementor-settings=\"{&quot;ha_cmc_init_switcher&quot;:&quot;no&quot;}\">\n\t\t\t\t<div class=\"elementor-element elementor-element-1b6161c e-flex e-con-boxed e-con e-parent\" data-id=\"1b6161c\" data-element_type=\"container\" data-settings=\"{&quot;background_background&quot;:&quot;classic&quot;,&quot;_ha_eqh_enable&quot;:false}\">\n\t\t\t\t\t<div class=\"e-con-inner\">\n\t\t<div class=\"elementor-element elementor-element-a621323 e-con-full e-flex e-con e-child\" data-id=\"a621323\" data-element_type=\"container\" data-settings=\"{&quot;_ha_eqh_enable&quot;:false}\">\n\t\t\t\t<div class=\"elementor-element elementor-element-2ff45f2 elementor-widget elementor-widget-heading\" data-id=\"2ff45f2\" data-element_type=\"widget\" data-widget_type=\"heading.default\">\n\t\t\t\t<div class=\"elementor-widget-container\">\n\t\t\t\t\t<h2 class=\"elementor-heading-title elementor-size-default\">Kirpik Ekimi<\/h2>\t\t\t\t<\/div>\n\t\t\t\t<\/div>\n\t\t\t\t<\/div>\n\t\t\t\t\t<\/div>\n\t\t\t\t<\/div>\n\t\t\t\t<section class=\"elementor-section elementor-top-section elementor-element elementor-element-0wpzcdl elementor-section-content-middle elementor-section-boxed elementor-section-height-default elementor-section-height-default\" data-id=\"0wpzcdl\" data-element_type=\"section\" data-settings=\"{&quot;background_background&quot;:&quot;classic&quot;,&quot;_ha_eqh_enable&quot;:false}\">\n\t\t\t\t\t\t<div class=\"elementor-container elementor-column-gap-no\">\n\t\t\t\t\t<div class=\"elementor-column elementor-col-50 elementor-top-column elementor-element elementor-element-ca44c59\" data-id=\"ca44c59\" data-element_type=\"column\" data-settings=\"{&quot;background_background&quot;:&quot;classic&quot;}\">\n\t\t\t<div class=\"elementor-widget-wrap elementor-element-populated\">\n\t\t\t\t\t\t<div class=\"elementor-element elementor-element-7e01216 elementor-widget elementor-widget-image\" data-id=\"7e01216\" data-element_type=\"widget\" data-widget_type=\"image.default\">\n\t\t\t\t<div class=\"elementor-widget-container\">\n\t\t\t\t\t\t\t\t\t\t\t\t\t\t\t<img fetchpriority=\"high\" decoding=\"async\" width=\"480\" height=\"640\" src=\"https:\/\/akinhairtransplant.com\/wp-content\/uploads\/2023\/12\/kirpikk.jpg\" class=\"attachment-full size-full wp-image-1834\" alt=\"\" srcset=\"https:\/\/akinhairtransplant.com\/wp-content\/uploads\/2023\/12\/kirpikk.jpg 480w, https:\/\/akinhairtransplant.com\/wp-content\/uploads\/2023\/12\/kirpikk-225x300.jpg 225w\" sizes=\"(max-width: 480px) 100vw, 480px\" \/>\t\t\t\t\t\t\t\t\t\t\t\t\t\t\t<\/div>\n\t\t\t\t<\/div>\n\t\t\t\t\t<\/div>\n\t\t<\/div>\n\t\t\t\t<div class=\"elementor-column elementor-col-50 elementor-top-column elementor-element elementor-element-258231d\" data-id=\"258231d\" data-element_type=\"column\">\n\t\t\t<div class=\"elementor-widget-wrap elementor-element-populated\">\n\t\t\t\t\t\t<div class=\"elementor-element elementor-element-4f6265e elementor-widget elementor-widget-text-editor\" data-id=\"4f6265e\" data-element_type=\"widget\" data-widget_type=\"text-editor.default\">\n\t\t\t\t<div class=\"elementor-widget-container\">\n\t\t\t\t\t\t\t\t\t<div class=\"layoutArea\"><div class=\"column\"><p>Kiripikler g\u00f6z\u00fc kimyasal ve fiziksel iritan ve yabanc\u0131 cisimlere kar\u015f\u0131 koruyan ve sahip oldu\u011fu refleksle g\u00f6z kapaklar\u0131n\u0131n kapanmas\u0131n\u0131 sa\u011flayan \u00f6nemli bir anatomik yap\u0131ya sahiptir. Estetik, g\u00fczellik ve \u00e7ekicilikte rol\u00fc ise tart\u0131\u015f\u0131lmaz.<\/p><p>Kirpiklerin anatomik olarak \u00fcst ve alt g\u00f6z kapaklar\u0131nda kapaklar\u0131n birbirine bakan y\u00fczeyinde ve d\u0131\u015f k\u0131sm\u0131nda 2-3 s\u0131ra halinde yer almaktad\u0131r.<\/p><p>Terminal kirpikler g\u00f6z kenarlar\u0131nda berligin bir a\u00e7\u0131lanma yaparak uzamaktad\u0131r. Kirpiklerin uzunluklar\u0131 sa\u00e7lara g\u00f6re daha k\u0131sad\u0131r. Bu anajen faz\u0131n sa\u00e7lara g\u00f6re kirpiklerde k\u0131sa olmas\u0131ndan kaynaklanmakta(34\u00b19 g\u00fcn). \u00dcst g\u00f6z kapa\u011f\u0131nda 4-5 s\u0131ra ile kirpikler yer al\u0131rken alt g\u00f6z kapa\u011f\u0131nda 2-3 s\u0131ra ile yer almaktad\u0131r. \u00dcst g\u00f6z kapa\u011f\u0131nda ortalama 300\u2013 400, alt g\u00f6z kapa\u011f\u0131nda 100\u2013150 kirpik bulunmakta.<\/p><\/div><\/div><div class=\"layoutArea\"><div class=\"column\">\u00dcst g\u00f6z ka\u011fa\u011f\u0131nda kirpikler 20-30 lu guruplar halinde ve yukar\u0131 uzayaraka bir piramid olu\u015fturacak \u015fekilde yap\u0131lanmakta.\u00a0<\/div><div>\u00a0<\/div><div>\u00dcst g\u00f6z kapa\u011f\u0131 kirpikleri daha yo\u011fun, 8-12 mm uzunlu\u011funda, kal\u0131n ve daha koyu renklidir. Alt g\u00f6z kapa\u011f\u0131 kirpikleri ise daha seyrek, 6-8 mm dur. Ancak g\u00f6z\u00fcn i\u00e7 k\u0131sm\u0131ndaki \u00fcst ve alt kirpikler daha az yo\u011fun ve daha ince iken g\u00f6z\u00fcn d\u0131\u015f\u0131nda yer alanlar daha fazla yo\u011fun ve kal\u0131nd\u0131r.<\/div><\/div>\t\t\t\t\t\t\t\t<\/div>\n\t\t\t\t<\/div>\n\t\t\t\t<div class=\"elementor-element elementor-element-7a2d1e6 elementor-widget-divider--view-line elementor-widget elementor-widget-divider\" data-id=\"7a2d1e6\" data-element_type=\"widget\" data-widget_type=\"divider.default\">\n\t\t\t\t<div class=\"elementor-widget-container\">\n\t\t\t\t\t\t\t<div class=\"elementor-divider\">\n\t\t\t<span class=\"elementor-divider-separator\">\n\t\t\t\t\t\t<\/span>\n\t\t<\/div>\n\t\t\t\t\t\t<\/div>\n\t\t\t\t<\/div>\n\t\t\t\t\t<\/div>\n\t\t<\/div>\n\t\t\t\t\t<\/div>\n\t\t<\/section>\n\t\t<div class=\"elementor-element elementor-element-2afbb48 e-flex e-con-boxed e-con e-parent\" data-id=\"2afbb48\" data-element_type=\"container\" data-settings=\"{&quot;_ha_eqh_enable&quot;:false}\">\n\t\t\t\t\t<div class=\"e-con-inner\">\n\t\t\t\t<div class=\"elementor-element elementor-element-8123230 elementor-widget elementor-widget-text-editor\" data-id=\"8123230\" data-element_type=\"widget\" data-widget_type=\"text-editor.default\">\n\t\t\t\t<div class=\"elementor-widget-container\">\n\t\t\t\t\t\t\t\t\t<p>Kirpiklerin g\u00fcnl\u00fck uzama h\u0131z\u0131 0.12\u00a0\u00b1\u00a00.05\u00a0mm dir. Bir kirpik kopar\u0131ld\u0131\u011f\u0131nda tekrar uzama s\u00fcresi ortalama 7-8 haftad\u0131r.\u00a0<\/p><p>Kirpiklerin azalmas\u0131 ve yada tam d\u00f6k\u00fclmeler s\u0131kl\u0131kla g\u00f6r\u00fclmektedir. Alopecia ve trichotillomania gibi cilt hastal\u0131klar\u0131nda, endokrin hastal\u0131klarda, metabolik anomalilerde, sistem hastal\u0131klarda, travmaya ba\u011fl\u0131 olarak, ila\u00e7lar\u0131n yan etkisi ile ve ya\u015flanmaya ba\u011fl\u0131 olarak &#8230;.<\/p><p>Kirpik kay\u0131plar\u0131 ve d\u00f6k\u00fclmelerinde &#8220;Bimatoprost&#8221; i\u00e7eren ila\u00e7lar ilk olarak 16 hafta kirpiklere s\u00fcr\u00fclerek kullan\u0131lmal\u0131d\u0131r. Bu etken madde g\u00f6z hastal\u0131klar\u0131nda; g\u00f6z tansiyonunda-glakomda\u00a0 kullan\u0131lmakta. 2009 y\u0131l\u0131nda bu ama\u00e7la kullan\u0131m\u0131nda FDA onam\u0131 bulunmakta. \u00d6zellikle \u00fcst kirpikler cevap \u00e7o\u011fu zaman olduk\u00e7a iyidir. Bu ila\u00e7 ile cavab\u0131n yetersiz oldu\u011fu durumlarda kirpik ekimi d\u00fc\u015f\u00fcn\u00fclmelidir. \u00a0<\/p><p>Estetik ve \u00e7ekici g\u00f6r\u00fcnmek i\u00e7in kirpiklerin uzun ve hacimli olmas\u0131 iste\u011fi takma kirpiklerin, maskara gibi kozmetiklerin ve son y\u0131llarda kirpiklerin daha uzun ve dolgun olmas\u0131n\u0131 sa\u011flayan baz\u0131 ila\u00e7lar\u0131n kulan\u0131m\u0131n\u0131 yayg\u0131nla\u015ft\u0131rm\u0131\u015ft\u0131r.<\/p><p>Sa\u00e7 ekimindeki teknolojik geli\u015fmeler ve estetik sonu\u00e7lar\u0131n \u00e7ok y\u00fcksek sonu\u00e7lar\u0131 ekim i\u00e7in kirpikleri hedef b\u00f6lgesi haline getirmi\u015ftir.<\/p><p>Ge\u00e7mi\u015ften g\u00fcnm\u00fcze kirpik ekiminde bir\u00e7ok y\u00f6ntem kullan\u0131lmakla birlikte son y\u0131llarda sa\u00e7 yada v\u00fccuttan FUE ile al\u0131nan sa\u00e7 yada v\u00fccut k\u0131llar\u0131 kullan\u0131lmaktad\u0131r.<\/p><p>Kirpiklerin fiziksel yap\u0131lar\u0131 nedeni ile sa\u00e7l\u0131 deride s\u0131kl\u0131kla ense sa\u00e7lar\u0131 kullan\u0131lmakta. Ense sa\u00e7lar\u0131n\u0131n fiziksel yap\u0131lar\u0131 ince olmakla birlikte b\u00fcy\u00fcme h\u0131zlar\u0131 kirpiklerin daha h\u0131zl\u0131d\u0131r. Bu nedenle bacak k\u0131llar\u0131 yava\u015f uzama h\u0131zlar\u0131 ve ince olmalar\u0131 nedeni ile daha fazla tercih edilmeye ba\u015fland\u0131.<\/p><p>\u00a0<\/p><p>Kirpik ekimleri;<\/p><ul><li>Do\u011fu\u015ftan ince ve seyrek kirpik yap\u0131s\u0131na sahip olanlarda<\/li><li>Ektodermal displazi gibi do\u011fumsal genetik hastal\u0131klarda<\/li><li>Alopesi sonras\u0131\u00a0<\/li><li>Trikotillomanyaya ba\u011fl\u0131\u00a0<\/li><li>Lupus eritematozus kaynakl\u0131<\/li><li>Travma, g\u00f6z kapa\u011f\u0131 ameliyatlar\u0131 sonras\u0131<\/li><li>Radyaoterapi ve kemoterapi sonras\u0131 kal\u0131c\u0131 kirpik kay\u0131plar\u0131nda tercih edilmekte.<\/li><\/ul><p>Sa\u00e7l\u0131 deri enseden yada bacaklardan tekli sa\u00e7 follik\u00fclleri FUE y\u00f6ntemi ile al\u0131nmakta.<\/p>\t\t\t\t\t\t\t\t<\/div>\n\t\t\t\t<\/div>\n\t\t\t\t\t<\/div>\n\t\t\t\t<\/div>\n\t\t<div class=\"elementor-element elementor-element-a89d8c5 e-con-full e-flex e-con e-parent\" data-id=\"a89d8c5\" data-element_type=\"container\" data-settings=\"{&quot;_ha_eqh_enable&quot;:false}\">\n\t\t<div class=\"elementor-element elementor-element-1763470 e-con-full e-flex e-con e-child\" data-id=\"1763470\" data-element_type=\"container\" data-settings=\"{&quot;background_background&quot;:&quot;classic&quot;,&quot;_ha_eqh_enable&quot;:false}\">\n\t\t<div class=\"elementor-element elementor-element-37dda71 e-con-full e-flex e-con e-child\" data-id=\"37dda71\" data-element_type=\"container\" data-settings=\"{&quot;_ha_eqh_enable&quot;:false}\">\n\t\t<div class=\"elementor-element elementor-element-79c73ab e-con-full e-flex e-con e-child\" data-id=\"79c73ab\" data-element_type=\"container\" data-settings=\"{&quot;_ha_eqh_enable&quot;:false}\">\n\t\t\t\t<div class=\"elementor-element elementor-element-293a88c elementor-widget elementor-widget-heading\" data-id=\"293a88c\" data-element_type=\"widget\" data-widget_type=\"heading.default\">\n\t\t\t\t<div class=\"elementor-widget-container\">\n\t\t\t\t\t<h2 class=\"elementor-heading-title elementor-size-default\">A\u011fr\u0131s\u0131z ve Tra\u015fs\u0131z Sa\u00e7 Ekimi \u0130\u00e7in Hemen Ba\u015fvur!<\/h2>\t\t\t\t<\/div>\n\t\t\t\t<\/div>\n\t\t\t\t<\/div>\n\t\t\t\t<\/div>\n\t\t\t\t<\/div>\n\t\t<div class=\"elementor-element elementor-element-9b8cf19 e-con-full e-flex e-con e-child\" data-id=\"9b8cf19\" data-element_type=\"container\" data-settings=\"{&quot;background_background&quot;:&quot;classic&quot;,&quot;_ha_eqh_enable&quot;:false}\">\n\t\t<div class=\"elementor-element elementor-element-e3c6aea e-con-full e-flex e-con e-child\" data-id=\"e3c6aea\" data-element_type=\"container\" data-settings=\"{&quot;_ha_eqh_enable&quot;:false}\">\n\t\t<div class=\"elementor-element elementor-element-b24a199 e-con-full e-flex e-con e-child\" data-id=\"b24a199\" data-element_type=\"container\" data-settings=\"{&quot;_ha_eqh_enable&quot;:false}\">\n\t\t\t\t<div class=\"elementor-element elementor-element-bc7b1fd elementor-widget elementor-widget-heading\" data-id=\"bc7b1fd\" data-element_type=\"widget\" data-widget_type=\"heading.default\">\n\t\t\t\t<div class=\"elementor-widget-container\">\n\t\t\t\t\t<h2 class=\"elementor-heading-title elementor-size-default\">Sohbete Ba\u015flay\u0131n!<\/h2>\t\t\t\t<\/div>\n\t\t\t\t<\/div>\n\t\t\t\t<div class=\"elementor-element elementor-element-1c8e862 elementor-widget elementor-widget-text-editor\" data-id=\"1c8e862\" data-element_type=\"widget\" data-widget_type=\"text-editor.default\">\n\t\t\t\t<div class=\"elementor-widget-container\">\n\t\t\t\t\t\t\t\t\t<div class=\"nta_wa_button\" data-id=\"1023\" data-info=\"{&quot;name&quot;:&quot;Ak\\u0131n Hairtransplant&quot;,&quot;info&quot;:{&quot;number&quot;:&quot;+905387444690&quot;,&quot;title&quot;:&quot;&quot;,&quot;predefinedText&quot;:&quot;&quot;,&quot;willBeBackText&quot;:&quot;I will be back in [njwa_time_work]&quot;,&quot;dayOffsText&quot;:&quot;I will be back soon&quot;,&quot;isAlwaysAvailable&quot;:&quot;ON&quot;,&quot;daysOfWeekWorking&quot;:{&quot;sunday&quot;:{&quot;isWorkingOnDay&quot;:&quot;OFF&quot;,&quot;workHours&quot;:[{&quot;startTime&quot;:&quot;08:00&quot;,&quot;endTime&quot;:&quot;17:30&quot;}]},&quot;monday&quot;:{&quot;isWorkingOnDay&quot;:&quot;OFF&quot;,&quot;workHours&quot;:[{&quot;startTime&quot;:&quot;08:00&quot;,&quot;endTime&quot;:&quot;17:30&quot;}]},&quot;tuesday&quot;:{&quot;isWorkingOnDay&quot;:&quot;OFF&quot;,&quot;workHours&quot;:[{&quot;startTime&quot;:&quot;08:00&quot;,&quot;endTime&quot;:&quot;17:30&quot;}]},&quot;wednesday&quot;:{&quot;isWorkingOnDay&quot;:&quot;OFF&quot;,&quot;workHours&quot;:[{&quot;startTime&quot;:&quot;08:00&quot;,&quot;endTime&quot;:&quot;17:30&quot;}]},&quot;thursday&quot;:{&quot;isWorkingOnDay&quot;:&quot;OFF&quot;,&quot;workHours&quot;:[{&quot;startTime&quot;:&quot;08:00&quot;,&quot;endTime&quot;:&quot;17:30&quot;}]},&quot;friday&quot;:{&quot;isWorkingOnDay&quot;:&quot;OFF&quot;,&quot;workHours&quot;:[{&quot;startTime&quot;:&quot;08:00&quot;,&quot;endTime&quot;:&quot;17:30&quot;}]},&quot;saturday&quot;:{&quot;isWorkingOnDay&quot;:&quot;OFF&quot;,&quot;workHours&quot;:[{&quot;startTime&quot;:&quot;08:00&quot;,&quot;endTime&quot;:&quot;17:30&quot;}]}}},&quot;styles&quot;:{&quot;type&quot;:&quot;round&quot;,&quot;backgroundColor&quot;:&quot;#2DB742&quot;,&quot;textColor&quot;:&quot;#fff&quot;,&quot;label&quot;:&quot;Need Help? Chat with us&quot;,&quot;width&quot;:300,&quot;height&quot;:64},&quot;avatar&quot;:false,&quot;options&quot;:{&quot;display&quot;:{&quot;displayCondition&quot;:&quot;showAllPage&quot;,&quot;includePages&quot;:[],&quot;excludePages&quot;:[],&quot;includePosts&quot;:[],&quot;showOnDesktop&quot;:&quot;ON&quot;,&quot;showOnMobile&quot;:&quot;ON&quot;,&quot;time_symbols&quot;:&quot;h:m&quot;},&quot;styles&quot;:{&quot;title&quot;:&quot;Start a Conversation&quot;,&quot;responseText&quot;:&quot;The team typically replies in a few minutes.&quot;,&quot;description&quot;:&quot;Hi! Click one of our member below to chat on &lt;strong&gt;WhatsApp&lt;\\\/strong&gt;&quot;,&quot;backgroundColor&quot;:&quot;#2db742&quot;,&quot;textColor&quot;:&quot;#fff&quot;,&quot;titleSize&quot;:18,&quot;accountNameSize&quot;:14,&quot;descriptionTextSize&quot;:12,&quot;regularTextSize&quot;:11,&quot;scrollHeight&quot;:&quot;500&quot;,&quot;isShowScroll&quot;:&quot;OFF&quot;,&quot;isShowResponseText&quot;:&quot;OFF&quot;,&quot;isShowPoweredBy&quot;:&quot;ON&quot;,&quot;btnLabel&quot;:&quot;&quot;,&quot;btnLabelWidth&quot;:&quot;156&quot;,&quot;btnPosition&quot;:&quot;right&quot;,&quot;btnLeftDistance&quot;:&quot;30&quot;,&quot;btnRightDistance&quot;:&quot;30&quot;,&quot;btnBottomDistance&quot;:&quot;30&quot;,&quot;isShowBtnLabel&quot;:&quot;OFF&quot;,&quot;isShowGDPR&quot;:&quot;OFF&quot;,&quot;gdprContent&quot;:&quot;Please accept our &lt;a href=\\&quot;https:\\\/\\\/ninjateam.org\\\/privacy-policy\\\/\\&quot;&gt;privacy policy&lt;\\\/a&gt; first to start a conversation.&quot;},&quot;analytics&quot;:{&quot;enabledGoogle&quot;:&quot;OFF&quot;,&quot;enabledFacebook&quot;:&quot;OFF&quot;,&quot;enabledGoogleGA4&quot;:&quot;OFF&quot;}},&quot;gdprStatus&quot;:false,&quot;defaultAvatar&quot;:&quot;https:\\\/\\\/akinhairtransplant.com\\\/wp-content\\\/plugins\\\/wp-whatsapp\\\/assets\\\/img\\\/whatsapp_logo.svg&quot;}\"><\/div>\t\t\t\t\t\t\t\t<\/div>\n\t\t\t\t<\/div>\n\t\t\t\t<\/div>\n\t\t\t\t<\/div>\n\t\t\t\t<\/div>\n\t\t\t\t<\/div>\n\t\t\t\t<\/div>\n\t\t","protected":false},"excerpt":{"rendered":"<p>Kirpik Ekimi Kiripikler g\u00f6z\u00fc kimyasal ve fiziksel iritan ve yabanc\u0131 cisimlere kar\u015f\u0131 koruyan ve sahip oldu\u011fu refleksle g\u00f6z kapaklar\u0131n\u0131n kapanmas\u0131n\u0131 sa\u011flayan \u00f6nemli bir anatomik yap\u0131ya sahiptir. Estetik, g\u00fczellik ve \u00e7ekicilikte rol\u00fc ise tart\u0131\u015f\u0131lmaz. Kirpiklerin anatomik olarak \u00fcst ve alt g\u00f6z kapaklar\u0131nda kapaklar\u0131n birbirine bakan y\u00fczeyinde ve d\u0131\u015f k\u0131sm\u0131nda 2-3 s\u0131ra halinde yer almaktad\u0131r. Terminal kirpikler [&hellip;]<\/p>\n","protected":false},"author":1,"featured_media":0,"parent":0,"menu_order":0,"comment_status":"closed","ping_status":"closed","template":"","meta":{"_uag_custom_page_level_css":"","site-sidebar-layout":"no-sidebar","site-content-layout":"page-builder","ast-site-content-layout":"","site-content-style":"default","site-sidebar-style":"default","ast-global-header-display":"","ast-banner-title-visibility":"","ast-main-header-display":"","ast-hfb-above-header-display":"","ast-hfb-below-header-display":"","ast-hfb-mobile-header-display":"","site-post-title":"disabled","ast-breadcrumbs-content":"disabled","ast-featured-img":"disabled","footer-sml-layout":"","theme-transparent-header-meta":"enabled","adv-header-id-meta":"","stick-header-meta":"","header-above-stick-meta":"","header-main-stick-meta":"","header-below-stick-meta":"","astra-migrate-meta-layouts":"default","ast-page-background-enabled":"default","ast-page-background-meta":{"desktop":{"background-color":"var(--ast-global-color-4)","background-image":"","background-repeat":"repeat","background-position":"center center","background-size":"auto","background-attachment":"scroll","background-type":"","background-media":"","overlay-type":"","overlay-color":"","overlay-opacity":"","overlay-gradient":""},"tablet":{"background-color":"","background-image":"","background-repeat":"repeat","background-position":"center center","background-size":"auto","background-attachment":"scroll","background-type":"","background-media":"","overlay-type":"","overlay-color":"","overlay-opacity":"","overlay-gradient":""},"mobile":{"background-color":"","background-image":"","background-repeat":"repeat","background-position":"center center","background-size":"auto","background-attachment":"scroll","background-type":"","background-media":"","overlay-type":"","overlay-color":"","overlay-opacity":"","overlay-gradient":""}},"ast-content-background-meta":{"desktop":{"background-color":"var(--ast-global-color-5)","background-image":"","background-repeat":"repeat","background-position":"center center","background-size":"auto","background-attachment":"scroll","background-type":"","background-media":"","overlay-type":"","overlay-color":"","overlay-opacity":"","overlay-gradient":""},"tablet":{"background-color":"var(--ast-global-color-5)","background-image":"","background-repeat":"repeat","background-position":"center center","background-size":"auto","background-attachment":"scroll","background-type":"","background-media":"","overlay-type":"","overlay-color":"","overlay-opacity":"","overlay-gradient":""},"mobile":{"background-color":"var(--ast-global-color-5)","background-image":"","background-repeat":"repeat","background-position":"center center","background-size":"auto","background-attachment":"scroll","background-type":"","background-media":"","overlay-type":"","overlay-color":"","overlay-opacity":"","overlay-gradient":""}},"footnotes":""},"class_list":["post-1831","page","type-page","status-publish","hentry"],"uagb_featured_image_src":{"full":false,"thumbnail":false,"medium":false,"medium_large":false,"large":false,"1536x1536":false,"2048x2048":false},"uagb_author_info":{"display_name":"akinhairtransplant.com","author_link":"https:\/\/akinhairtransplant.com\/?author=1"},"uagb_comment_info":0,"uagb_excerpt":"Kirpik Ekimi Kiripikler g\u00f6z\u00fc kimyasal ve fiziksel iritan ve yabanc\u0131 cisimlere kar\u015f\u0131 koruyan ve sahip oldu\u011fu refleksle g\u00f6z kapaklar\u0131n\u0131n kapanmas\u0131n\u0131 sa\u011flayan \u00f6nemli bir anatomik yap\u0131ya sahiptir. Estetik, g\u00fczellik ve \u00e7ekicilikte rol\u00fc ise tart\u0131\u015f\u0131lmaz. Kirpiklerin anatomik olarak \u00fcst ve alt g\u00f6z kapaklar\u0131nda kapaklar\u0131n birbirine bakan y\u00fczeyinde ve d\u0131\u015f k\u0131sm\u0131nda 2-3 s\u0131ra halinde yer almaktad\u0131r. Terminal kirpikler&hellip;","_links":{"self":[{"href":"https:\/\/akinhairtransplant.com\/index.php?rest_route=\/wp\/v2\/pages\/1831","targetHints":{"allow":["GET"]}}],"collection":[{"href":"https:\/\/akinhairtransplant.com\/index.php?rest_route=\/wp\/v2\/pages"}],"about":[{"href":"https:\/\/akinhairtransplant.com\/index.php?rest_route=\/wp\/v2\/types\/page"}],"author":[{"embeddable":true,"href":"https:\/\/akinhairtransplant.com\/index.php?rest_route=\/wp\/v2\/users\/1"}],"replies":[{"embeddable":true,"href":"https:\/\/akinhairtransplant.com\/index.php?rest_route=%2Fwp%2Fv2%2Fcomments&post=1831"}],"version-history":[{"count":4,"href":"https:\/\/akinhairtransplant.com\/index.php?rest_route=\/wp\/v2\/pages\/1831\/revisions"}],"predecessor-version":[{"id":1837,"href":"https:\/\/akinhairtransplant.com\/index.php?rest_route=\/wp\/v2\/pages\/1831\/revisions\/1837"}],"wp:attachment":[{"href":"https:\/\/akinhairtransplant.com\/index.php?rest_route=%2Fwp%2Fv2%2Fmedia&parent=1831"}],"curies":[{"name":"wp","href":"https:\/\/api.w.org\/{rel}","templated":true}]}}